{"id":2333,"date":"2016-07-22T14:39:25","date_gmt":"2016-07-22T14:39:25","guid":{"rendered":"https:\/\/totreforma.cat\/politica-de-privacitat\/"},"modified":"2019-12-03T18:17:41","modified_gmt":"2019-12-03T18:17:41","slug":"politica-de-privacitat","status":"publish","type":"page","link":"https:\/\/totreforma.cat\/es\/politica-de-privacitat\/","title":{"rendered":"Pol\u00edtica de privacidad"},"content":{"rendered":"<div class=\"wpb-content-wrapper\"><p>[vc_row][vc_column][vc_empty_space height=\u00bb200px\u00bb][vc_column_text]<\/p>\n<h2>POL\u00cdTICA DE PRIVACIDAD<\/h2>\n<h3>INFORMACI\u00d3N B\u00c1SICA SOBRE PROTECCI\u00d3N DE DATOS<\/h3>\n<p>&nbsp;<\/p>\n<table>\n<tbody>\n<tr>\n<td width=\"283\">Sitio Web<\/td>\n<td width=\"283\"><a href=\"https:\/\/totreforma.cat\">www.totreforma.cat<\/a><\/td>\n<\/tr>\n<tr>\n<td width=\"283\">Titular del sitio web<\/td>\n<td width=\"283\">Fco. Javier Martin Lobelle<\/td>\n<\/tr>\n<tr>\n<td width=\"283\">Responsable tratamiento datos<\/td>\n<td width=\"283\">Xavi Marti<\/td>\n<\/tr>\n<tr>\n<td width=\"283\">Finalidad<\/td>\n<td width=\"283\"><\/td>\n<\/tr>\n<tr>\n<td width=\"283\">Legitimaci\u00f3n<\/td>\n<td width=\"283\">Consentimiento otorgado por el usuario<\/td>\n<\/tr>\n<tr>\n<td width=\"283\">Edad legal consentimiento<\/td>\n<td width=\"283\">El Usuario certifica que es mayor de 14 a\u00f1os y que por lo tanto posee la capacidad legal necesaria para la prestaci\u00f3n del consentimiento en cuanto al tratamiento de sus datos de car\u00e1cter personal y todo ello, de conformidad con lo establecido en la presente Pol\u00edtica de Privacidad.<\/td>\n<\/tr>\n<tr>\n<td width=\"283\">Destinatarios<\/td>\n<td width=\"283\">Se comunicar\u00e1n datos a terceros para poder llevar a cabo las finalidades descritas en la presente pol\u00edtica de privacidad. En ning\u00fan caso se ceder\u00e1n datos a terceros para finalidades diferentes a las descritas en este documento.<\/td>\n<\/tr>\n<tr>\n<td width=\"283\">Derechos<\/td>\n<td width=\"283\">Acceder, rectificar y suprimir los datos, as\u00ed como otros derechos, como se explica en la informaci\u00f3n adicional.<\/td>\n<\/tr>\n<\/tbody>\n<\/table>\n<p>&nbsp;<\/p>\n<p>&nbsp;<\/p>\n<h3>INFORMACI\u00d3N ADICIONAL SOBRE PROTECCI\u00d3N DE DATOS<\/h3>\n<ul>\n<li>\u00bfQui\u00e9n es el titular de esta web?<\/li>\n<\/ul>\n<table>\n<tbody>\n<tr>\n<td width=\"283\">Identidad<\/td>\n<td width=\"283\">Fco. Javier Martin Lobelle<\/td>\n<\/tr>\n<tr>\n<td width=\"283\">Direcci\u00f3n postal<\/td>\n<td width=\"283\">c\/ Baix, 55<\/td>\n<\/tr>\n<tr>\n<td width=\"283\">Tel\u00e9fono<\/td>\n<td width=\"283\">937775617<\/td>\n<\/tr>\n<tr>\n<td width=\"283\">Correo electr\u00f3nico<\/td>\n<td width=\"283\"><a href=\"mailto:info@totreforma.cat\">info@totreforma.cat<\/a><\/td>\n<\/tr>\n<\/tbody>\n<\/table>\n<ul>\n<li>\u00bfQui\u00e9n es el responsable del tratamiento de sus datos de car\u00e1cter personal?<\/li>\n<\/ul>\n<table>\n<tbody>\n<tr>\n<td width=\"283\">Identidad<\/td>\n<td width=\"283\">Consulting esparreguera, S.L.<\/td>\n<\/tr>\n<tr>\n<td width=\"283\">Direcci\u00f3n postal<\/td>\n<td width=\"283\">AV. Francesc Marimon 67<\/td>\n<\/tr>\n<tr>\n<td width=\"283\">Tel\u00e9fono<\/td>\n<td width=\"283\">937776892<\/td>\n<\/tr>\n<tr>\n<td width=\"283\">Correo electr\u00f3nico<\/td>\n<td width=\"283\"><a href=\"mailto:info@consultingesparreguera.com\">info@consultingesparreguera.com<\/a><\/td>\n<\/tr>\n<\/tbody>\n<\/table>\n<ul>\n<li>\u00bfCon qu\u00e9 finalidad trataremos sus datos de car\u00e1cter personal y durante cu\u00e1nto tiempo los conservaremos?<\/li>\n<\/ul>\n<p>La empresa tratar\u00e1 sus datos de car\u00e1cter personal exclusivamente para fines determinados, expl\u00edcitos y leg\u00edtimos, y no ser\u00e1n tratados de manera incompatible con dichos fines.<\/p>\n<ul>\n<li>Finalidades<\/li>\n<\/ul>\n<table>\n<tbody>\n<tr>\n<td width=\"283\">Finalidad 1<\/td>\n<td width=\"283\">Gesti\u00f3n, estudio y resoluci\u00f3n de consultas efectuadas a trav\u00e9s de la web. La empresa conservar\u00e1 sus datos de car\u00e1cter personal el tiempo necesario seg\u00fan la informaci\u00f3n facilitada y los plazos de conservaci\u00f3n recogidos en normativas que sean aplicables.<\/td>\n<\/tr>\n<tr>\n<td width=\"283\">Finalidad 2<\/td>\n<td width=\"283\"><\/td>\n<\/tr>\n<tr>\n<td width=\"283\">Finalidad 3<\/td>\n<td width=\"283\"><\/td>\n<\/tr>\n<\/tbody>\n<\/table>\n<ul>\n<li>\u00bfCu\u00e1l es la legitimaci\u00f3n para el tratamiento de sus datos?<\/li>\n<\/ul>\n<p>La base legal para el tratamiento de sus datos es el consentimiento que nos otorga al marcar la casilla en la que acepta nuestra pol\u00edtica de privacidad.<\/p>\n<ul>\n<li>\u00bfA qu\u00e9 destinatarios se comunicar\u00e1n sus datos?<\/li>\n<\/ul>\n<p>Los datos se comunicar\u00e1n a las siguientes empresas y con las siguientes finalidades:<\/p>\n<table>\n<tbody>\n<tr>\n<td width=\"283\">DESTINATARIOS<\/td>\n<td width=\"283\">FINALIDAD<\/td>\n<\/tr>\n<tr>\n<td width=\"283\"><\/td>\n<td width=\"283\"><\/td>\n<\/tr>\n<tr>\n<td width=\"283\"><\/td>\n<td width=\"283\"><\/td>\n<\/tr>\n<\/tbody>\n<\/table>\n<ul>\n<li>\u00bfCu\u00e1les son sus derechos cuando nos facilita sus datos?<\/li>\n<\/ul>\n<p>Cualquier persona tiene derecho a obtener confirmaci\u00f3n sobre si en la empresa estamos tratando datos personales que les conciernan, o no.<\/p>\n<p>En concreto, puede usted dirigirse a la empresa a su direcci\u00f3n postal o bien a la direcci\u00f3n de email facilitada en el presente documento con la finalidad de ejercer los siguientes derechos:<\/p>\n<ul>\n<li>Derecho a solicitar el acceso a los datos personales relativos al interesado.<\/li>\n<li>Derecho a solicitar su rectificaci\u00f3n o supresi\u00f3n.<\/li>\n<li>Derecho a solicitar la limitaci\u00f3n de su tratamiento.<\/li>\n<li>Derecho a oponerse al tratamiento.<\/li>\n<li>Derecho a la portabilidad de los datos.<\/li>\n<\/ul>\n<p>Puede usted solicitar los formularios necesarios para el ejercicio de estos derechos enviando un correo electr\u00f3nico a la direcci\u00f3n de email facilitada en el presente documento.<\/p>\n<p>Dado el car\u00e1cter personal\u00edsimo del ejercicio de cualquiera de estos derechos usted deber\u00e1 adjuntar a la solicitud copia de su carnet de identidad o documento acreditativo equivalente.<\/p>\n<p>Puede usted dirigirse a la Agencia Espa\u00f1ola de protecci\u00f3n de Datos para obtener informaci\u00f3n adicional acerca de sus derechos o presentar una reclamaci\u00f3n ante la misma, especialmente cuando no haya obtenido satisfacci\u00f3n en el ejercicio de sus derechos, obteniendo toda la informaci\u00f3n necesaria para ello a trav\u00e9s de la web www.agpd.es[\/vc_column_text][\/vc_column][\/vc_row]<\/p>\n<\/div>","protected":false},"excerpt":{"rendered":"<p>[vc_row][vc_column][vc_empty_space height=\u00bb200px\u00bb][vc_column_text] POL\u00cdTICA DE PRIVACIDAD INFORMACI\u00d3N B\u00c1SICA SOBRE PROTECCI\u00d3N DE DATOS &nbsp; Sitio Web www.totreforma.cat Titular del sitio web Fco. Javier Martin Lobelle Responsable tratamiento datos Xavi Marti Finalidad Legitimaci\u00f3n Consentimiento otorgado por el usuario Edad legal consentimiento El Usuario certifica que es mayor de 14 a\u00f1os y que por lo tanto posee la capacidad [&hellip;]<\/p>\n","protected":false},"author":4,"featured_media":0,"parent":0,"menu_order":0,"comment_status":"closed","ping_status":"closed","template":"","meta":{"_monsterinsights_skip_tracking":false,"_monsterinsights_sitenote_active":false,"_monsterinsights_sitenote_note":"","_monsterinsights_sitenote_category":0,"footnotes":""},"class_list":["post-2333","page","type-page","status-publish","hentry"],"yoast_head":"<!-- This site is optimized with the Yoast SEO plugin v24.6 - https:\/\/yoast.com\/wordpress\/plugins\/seo\/ -->\n<title>Pol\u00edtica de privacidad - Tot Reforma<\/title>\n<meta name=\"description\" content=\"Pol\u00edtica de privacidad Tot Reforma -\" \/>\n<meta name=\"robots\" content=\"index, follow, max-snippet:-1, max-image-preview:large, max-video-preview:-1\" \/>\n<link rel=\"canonical\" href=\"https:\/\/totreforma.cat\/politica-de-privacitat\/\" \/>\n<meta property=\"og:locale\" content=\"es_ES\" \/>\n<meta property=\"og:type\" content=\"article\" \/>\n<meta property=\"og:title\" content=\"Pol\u00edtica de privacidad - Tot Reforma\" \/>\n<meta property=\"og:description\" content=\"Pol\u00edtica de privacidad Tot Reforma -\" \/>\n<meta property=\"og:url\" content=\"https:\/\/totreforma.cat\/politica-de-privacitat\/\" \/>\n<meta property=\"og:site_name\" content=\"Tot Reforma\" \/>\n<meta property=\"article:modified_time\" content=\"2019-12-03T18:17:41+00:00\" \/>\n<meta name=\"twitter:card\" content=\"summary_large_image\" \/>\n<meta name=\"twitter:label1\" content=\"Tiempo de lectura\" \/>\n\t<meta name=\"twitter:data1\" content=\"3 minutos\" \/>\n<script type=\"application\/ld+json\" class=\"yoast-schema-graph\">{\"@context\":\"https:\/\/schema.org\",\"@graph\":[{\"@type\":\"WebPage\",\"@id\":\"https:\/\/totreforma.cat\/politica-de-privacitat\/\",\"url\":\"https:\/\/totreforma.cat\/politica-de-privacitat\/\",\"name\":\"Pol\u00edtica de privacidad - Tot Reforma\",\"isPartOf\":{\"@id\":\"https:\/\/totreforma.cat\/#website\"},\"datePublished\":\"2016-07-22T14:39:25+00:00\",\"dateModified\":\"2019-12-03T18:17:41+00:00\",\"description\":\"Pol\u00edtica de privacidad Tot Reforma -\",\"breadcrumb\":{\"@id\":\"https:\/\/totreforma.cat\/politica-de-privacitat\/#breadcrumb\"},\"inLanguage\":\"es\",\"potentialAction\":[{\"@type\":\"ReadAction\",\"target\":[\"https:\/\/totreforma.cat\/politica-de-privacitat\/\"]}]},{\"@type\":\"BreadcrumbList\",\"@id\":\"https:\/\/totreforma.cat\/politica-de-privacitat\/#breadcrumb\",\"itemListElement\":[{\"@type\":\"ListItem\",\"position\":1,\"name\":\"Portada\",\"item\":\"https:\/\/totreforma.cat\/es\/\"},{\"@type\":\"ListItem\",\"position\":2,\"name\":\"Pol\u00edtica de privacidad\"}]},{\"@type\":\"WebSite\",\"@id\":\"https:\/\/totreforma.cat\/#website\",\"url\":\"https:\/\/totreforma.cat\/\",\"name\":\"Tot Reforma\",\"description\":\"Reformes de la llar Esparreguera\",\"potentialAction\":[{\"@type\":\"SearchAction\",\"target\":{\"@type\":\"EntryPoint\",\"urlTemplate\":\"https:\/\/totreforma.cat\/?s={search_term_string}\"},\"query-input\":{\"@type\":\"PropertyValueSpecification\",\"valueRequired\":true,\"valueName\":\"search_term_string\"}}],\"inLanguage\":\"es\"}]}<\/script>\n<!-- \/ Yoast SEO plugin. -->","yoast_head_json":{"title":"Pol\u00edtica de privacidad - Tot Reforma","description":"Pol\u00edtica de privacidad Tot Reforma -","robots":{"index":"index","follow":"follow","max-snippet":"max-snippet:-1","max-image-preview":"max-image-preview:large","max-video-preview":"max-video-preview:-1"},"canonical":"https:\/\/totreforma.cat\/politica-de-privacitat\/","og_locale":"es_ES","og_type":"article","og_title":"Pol\u00edtica de privacidad - Tot Reforma","og_description":"Pol\u00edtica de privacidad Tot Reforma -","og_url":"https:\/\/totreforma.cat\/politica-de-privacitat\/","og_site_name":"Tot Reforma","article_modified_time":"2019-12-03T18:17:41+00:00","twitter_card":"summary_large_image","twitter_misc":{"Tiempo de lectura":"3 minutos"},"schema":{"@context":"https:\/\/schema.org","@graph":[{"@type":"WebPage","@id":"https:\/\/totreforma.cat\/politica-de-privacitat\/","url":"https:\/\/totreforma.cat\/politica-de-privacitat\/","name":"Pol\u00edtica de privacidad - Tot Reforma","isPartOf":{"@id":"https:\/\/totreforma.cat\/#website"},"datePublished":"2016-07-22T14:39:25+00:00","dateModified":"2019-12-03T18:17:41+00:00","description":"Pol\u00edtica de privacidad Tot Reforma -","breadcrumb":{"@id":"https:\/\/totreforma.cat\/politica-de-privacitat\/#breadcrumb"},"inLanguage":"es","potentialAction":[{"@type":"ReadAction","target":["https:\/\/totreforma.cat\/politica-de-privacitat\/"]}]},{"@type":"BreadcrumbList","@id":"https:\/\/totreforma.cat\/politica-de-privacitat\/#breadcrumb","itemListElement":[{"@type":"ListItem","position":1,"name":"Portada","item":"https:\/\/totreforma.cat\/es\/"},{"@type":"ListItem","position":2,"name":"Pol\u00edtica de privacidad"}]},{"@type":"WebSite","@id":"https:\/\/totreforma.cat\/#website","url":"https:\/\/totreforma.cat\/","name":"Tot Reforma","description":"Reformes de la llar Esparreguera","potentialAction":[{"@type":"SearchAction","target":{"@type":"EntryPoint","urlTemplate":"https:\/\/totreforma.cat\/?s={search_term_string}"},"query-input":{"@type":"PropertyValueSpecification","valueRequired":true,"valueName":"search_term_string"}}],"inLanguage":"es"}]}},"_links":{"self":[{"href":"https:\/\/totreforma.cat\/es\/wp-json\/wp\/v2\/pages\/2333","targetHints":{"allow":["GET"]}}],"collection":[{"href":"https:\/\/totreforma.cat\/es\/wp-json\/wp\/v2\/pages"}],"about":[{"href":"https:\/\/totreforma.cat\/es\/wp-json\/wp\/v2\/types\/page"}],"author":[{"embeddable":true,"href":"https:\/\/totreforma.cat\/es\/wp-json\/wp\/v2\/users\/4"}],"replies":[{"embeddable":true,"href":"https:\/\/totreforma.cat\/es\/wp-json\/wp\/v2\/comments?post=2333"}],"version-history":[{"count":0,"href":"https:\/\/totreforma.cat\/es\/wp-json\/wp\/v2\/pages\/2333\/revisions"}],"wp:attachment":[{"href":"https:\/\/totreforma.cat\/es\/wp-json\/wp\/v2\/media?parent=2333"}],"curies":[{"name":"wp","href":"https:\/\/api.w.org\/{rel}","templated":true}]}}

Política de privacidad

<div class="wpb-content-wrapper"><p>[vc_row][vc_column][vc_empty_space height=»200px»][vc_column_text]</p>
<h2>POLÍTICA DE PRIVACIDAD</h2>
<h3>INFORMACIÓN BÁSICA SOBRE PROTECCIÓN DE DATOS</h3>
<p>&nbsp;</p>
<table>
<tbody>
<tr>
<td width="283">Sitio Web</td>
<td width="283"><a href="https://totreforma.cat">www.totreforma.cat</a></td>
</tr>
<tr>
<td width="283">Titular del sitio web</td>
<td width="283">Fco. Javier Martin Lobelle</td>
</tr>
<tr>
<td width="283">Responsable tratamiento datos</td>
<td width="283">Xavi Marti</td>
</tr>
<tr>
<td width="283">Finalidad</td>
<td width="283"></td>
</tr>
<tr>
<td width="283">Legitimación</td>
<td width="283">Consentimiento otorgado por el usuario</td>
</tr>
<tr>
<td width="283">Edad legal consentimiento</td>
<td width="283">El Usuario certifica que es mayor de 14 años y que por lo tanto posee la capacidad legal necesaria para la prestación del consentimiento en cuanto al tratamiento de sus datos de carácter personal y todo ello, de conformidad con lo establecido en la presente Política de Privacidad.</td>
</tr>
<tr>
<td width="283">Destinatarios</td>
<td width="283">Se comunicarán datos a terceros para poder llevar a cabo las finalidades descritas en la presente política de privacidad. En ningún caso se cederán datos a terceros para finalidades diferentes a las descritas en este documento.</td>
</tr>
<tr>
<td width="283">Derechos</td>
<td width="283">Acceder, rectificar y suprimir los datos, así como otros derechos, como se explica en la información adicional.</td>
</tr>
</tbody>
</table>
<p>&nbsp;</p>
<p>&nbsp;</p>
<h3>INFORMACIÓN ADICIONAL SOBRE PROTECCIÓN DE DATOS</h3>
<ul>
<li>¿Quién es el titular de esta web?</li>
</ul>
<table>
<tbody>
<tr>
<td width="283">Identidad</td>
<td width="283">Fco. Javier Martin Lobelle</td>
</tr>
<tr>
<td width="283">Dirección postal</td>
<td width="283">c/ Baix, 55</td>
</tr>
<tr>
<td width="283">Teléfono</td>
<td width="283">937775617</td>
</tr>
<tr>
<td width="283">Correo electrónico</td>
<td width="283"><a href="mailto:info@totreforma.cat">info@totreforma.cat</a></td>
</tr>
</tbody>
</table>
<ul>
<li>¿Quién es el responsable del tratamiento de sus datos de carácter personal?</li>
</ul>
<table>
<tbody>
<tr>
<td width="283">Identidad</td>
<td width="283">Consulting esparreguera, S.L.</td>
</tr>
<tr>
<td width="283">Dirección postal</td>
<td width="283">AV. Francesc Marimon 67</td>
</tr>
<tr>
<td width="283">Teléfono</td>
<td width="283">937776892</td>
</tr>
<tr>
<td width="283">Correo electrónico</td>
<td width="283"><a href="mailto:info@consultingesparreguera.com">info@consultingesparreguera.com</a></td>
</tr>
</tbody>
</table>
<ul>
<li>¿Con qué finalidad trataremos sus datos de carácter personal y durante cuánto tiempo los conservaremos?</li>
</ul>
<p>La empresa tratará sus datos de carácter personal exclusivamente para fines determinados, explícitos y legítimos, y no serán tratados de manera incompatible con dichos fines.</p>
<ul>
<li>Finalidades</li>
</ul>
<table>
<tbody>
<tr>
<td width="283">Finalidad 1</td>
<td width="283">Gestión, estudio y resolución de consultas efectuadas a través de la web. La empresa conservará sus datos de carácter personal el tiempo necesario según la información facilitada y los plazos de conservación recogidos en normativas que sean aplicables.</td>
</tr>
<tr>
<td width="283">Finalidad 2</td>
<td width="283"></td>
</tr>
<tr>
<td width="283">Finalidad 3</td>
<td width="283"></td>
</tr>
</tbody>
</table>
<ul>
<li>¿Cuál es la legitimación para el tratamiento de sus datos?</li>
</ul>
<p>La base legal para el tratamiento de sus datos es el consentimiento que nos otorga al marcar la casilla en la que acepta nuestra política de privacidad.</p>
<ul>
<li>¿A qué destinatarios se comunicarán sus datos?</li>
</ul>
<p>Los datos se comunicarán a las siguientes empresas y con las siguientes finalidades:</p>
<table>
<tbody>
<tr>
<td width="283">DESTINATARIOS</td>
<td width="283">FINALIDAD</td>
</tr>
<tr>
<td width="283"></td>
<td width="283"></td>
</tr>
<tr>
<td width="283"></td>
<td width="283"></td>
</tr>
</tbody>
</table>
<ul>
<li>¿Cuáles son sus derechos cuando nos facilita sus datos?</li>
</ul>
<p>Cualquier persona tiene derecho a obtener confirmación sobre si en la empresa estamos tratando datos personales que les conciernan, o no.</p>
<p>En concreto, puede usted dirigirse a la empresa a su dirección postal o bien a la dirección de email facilitada en el presente documento con la finalidad de ejercer los siguientes derechos:</p>
<ul>
<li>Derecho a solicitar el acceso a los datos personales relativos al interesado.</li>
<li>Derecho a solicitar su rectificación o supresión.</li>
<li>Derecho a solicitar la limitación de su tratamiento.</li>
<li>Derecho a oponerse al tratamiento.</li>
<li>Derecho a la portabilidad de los datos.</li>
</ul>
<p>Puede usted solicitar los formularios necesarios para el ejercicio de estos derechos enviando un correo electrónico a la dirección de email facilitada en el presente documento.</p>
<p>Dado el carácter personalísimo del ejercicio de cualquiera de estos derechos usted deberá adjuntar a la solicitud copia de su carnet de identidad o documento acreditativo equivalente.</p>
<p>Puede usted dirigirse a la Agencia Española de protección de Datos para obtener información adicional acerca de sus derechos o presentar una reclamación ante la misma, especialmente cuando no haya obtenido satisfacción en el ejercicio de sus derechos, obteniendo toda la información necesaria para ello a través de la web www.agpd.es[/vc_column_text][/vc_column][/vc_row]</p>
</div>

<p>[vc_row][vc_column][vc_empty_space height=»200px»][vc_column_text] POLÍTICA DE PRIVACIDAD INFORMACIÓN BÁSICA SOBRE PROTECCIÓN DE DATOS &nbsp; Sitio Web www.totreforma.cat Titular del sitio web Fco. Javier Martin Lobelle Responsable tratamiento datos Xavi Marti Finalidad Legitimación Consentimiento otorgado por el usuario Edad legal consentimiento El Usuario certifica que es mayor de 14 años y que por lo tanto posee la capacidad [&hellip;]</p>

<!-- This site is optimized with the Yoast SEO plugin v24.6 - https://yoast.com/wordpress/plugins/seo/ -->
<title>Política de privacidad - Tot Reforma</title>
<meta name="description" content="Política de privacidad Tot Reforma -" />
<meta name="robots" content="index, follow, max-snippet:-1, max-image-preview:large, max-video-preview:-1" />
<link rel="canonical" href="https://totreforma.cat/politica-de-privacitat/" />
<meta property="og:locale" content="es_ES" />
<meta property="og:type" content="article" />
<meta property="og:title" content="Política de privacidad - Tot Reforma" />
<meta property="og:description" content="Política de privacidad Tot Reforma -" />
<meta property="og:url" content="https://totreforma.cat/politica-de-privacitat/" />
<meta property="og:site_name" content="Tot Reforma" />
<meta property="article:modified_time" content="2019-12-03T18:17:41+00:00" />
<meta name="twitter:card" content="summary_large_image" />
<meta name="twitter:label1" content="Tiempo de lectura" />
	<meta name="twitter:data1" content="3 minutos" />
<script type="application/ld+json" class="yoast-schema-graph">{"@context":"https://schema.org","@graph":[{"@type":"WebPage","@id":"https://totreforma.cat/politica-de-privacitat/","url":"https://totreforma.cat/politica-de-privacitat/","name":"Política de privacidad - Tot Reforma","isPartOf":{"@id":"https://totreforma.cat/#website"},"datePublished":"2016-07-22T14:39:25+00:00","dateModified":"2019-12-03T18:17:41+00:00","description":"Política de privacidad Tot Reforma -","breadcrumb":{"@id":"https://totreforma.cat/politica-de-privacitat/#breadcrumb"},"inLanguage":"es","potentialAction":[{"@type":"ReadAction","target":["https://totreforma.cat/politica-de-privacitat/"]}]},{"@type":"BreadcrumbList","@id":"https://totreforma.cat/politica-de-privacitat/#breadcrumb","itemListElement":[{"@type":"ListItem","position":1,"name":"Portada","item":"https://totreforma.cat/es/"},{"@type":"ListItem","position":2,"name":"Política de privacidad"}]},{"@type":"WebSite","@id":"https://totreforma.cat/#website","url":"https://totreforma.cat/","name":"Tot Reforma","description":"Reformes de la llar Esparreguera","potentialAction":[{"@type":"SearchAction","target":{"@type":"EntryPoint","urlTemplate":"https://totreforma.cat/?s={search_term_string}"},"query-input":{"@type":"PropertyValueSpecification","valueRequired":true,"valueName":"search_term_string"}}],"inLanguage":"es"}]}</script>
<!-- / Yoast SEO plugin. -->

Política de privacidad - Tot Reforma

Política de privacidad Tot Reforma -
